(-8 + (-6 - -8))).
-5
Calculate (1 - 6) + 15 - (2 + 15).
-7
Evaluate -1019 + 974 + 40 + -2.
-7
Calculate -22 + 47 - 27 - (0 + 0 - -1).
-3
What is -2 + 9 + (-6 - -13 - (14 - 15))?
15
-16 - ((-124 - -133) + (-12 - -1))
-14
Evaluate 46 + (8 - 52) - -28.
30
Calculate (1 - -17) + (-87 - -66).
-3
Calculate -10 + (-8 - -10) + 12 - -19.
23
Calculate 0 - 9 - 4 - (-2 - (2 - 3)).
-12
Calculate (0 - ((-6 - 2) + 7)) + -2 - -1.
0
(-11 - -3) + 14 - (-5 - 25)
36
-4 - ((13 + -6 - 1) + -8)
-2
Evaluate (-30 + 18 - -7) + 1.
-4
Evaluate 3 + -6 + 10 + -12 + (-3 - 5).
-13
-49 + 44 + 6 + -12
-11
Calculate (-2 - 2 - -6) + (2 + -14 - -4).
-6
Calculate 6 - ((-9 - 1) + (3 - -17)).
-4
What is the value of (52 - 17 - 24) + (0 - 2)?
9
Calculate -4 + (-5 - -25) - (43 - 38).
11
What is (-1 - -5) + (12 - (39 - 8))?
-15
What is the value of (33 - 38) + (-5 - (0 + -3)) - -1?
-6
(0 - -10) + 15 + -17 + (-23 - -49)
34
Evaluate (-2 - (0 + 4)) + 1853 + -1818.
29
Calculate -53 + (10 - -24) + 29.
10
What is -23 + 6 - (39 + -34)?
-22
What is the value of (3 + -1 - -3) + -6 + (-3 - -1)?
-3
Evaluate 42 + -18 - (1 - -1).
22
-19 + (-6 + -2 - (-6 + 2)) - 4
-27
What is (6 - (2 + 5)) + (-14 - -7 - 5)?
-13
What is the value of 24 + -15 + 0 + 2?
11
What is (-15 - -4) + 3 - (2 + (0 - -2))?
-12
3 - (17 + (-10 - 16))
12
Calculate (5 - 1) + (3 - (-11 - -11)) + -19.
-12
What is the value of -9 + (-25 - -37) - (-1 + -1 - -4)?
1
Evaluate -3 - (0 + 17 + 0 + -8 + 2).
-14
Calculate (-21 - -7) + -2 - -2 - 8.
-22
What is the value of (-1 - 1) + -13 + 13 + -11 + 38?
25
Evaluate 5 + (-16 + 5 - -11 - (0 - -5)).
0
What is the value of 27 + (-12 - (0 + 10 + -16))?
21
What is the value of 0 + 5 + (5 - (-23 + (13 - -7)))?
13
(6 + -1 - -1 - 6) + -5 + 0
-5
Evaluate 10 + -2 - (-7 + (3 - -11)).
1
Evaluate 2 - 6 - (1 - 17).
12
What is 33 + -42 + (-4 - (-3 - 9))?
-1
What is -60 + 68 - (23 - -10)?
-25
What is the value of 39 + -31 + (-2 - 8)?
-2
What is 1 - 5 - (-94 + 84)?
6
30 - (57 - 29) - (0 + (2 - 15))
15
Evaluate 21 + -40 - 23 - -28.
-14
Calculate 10 + 3 - (2 - -24).
-13
What is the value of 3 + -12 + 4 + 13?
8
(22 - 3) + 4 + -3 + -3 + -7
10
What is the value of -6 + (-3 - (3 - 13)) + 0?
1
(-6 - -8) + (27 - 22)
7
1 + 0 + -1 + -3 - (9175 + -9203)
25
-12 + 3 + -1 - (-51 + 57)
-16
What is -4 - (-15 - (-34 + (15 - 5)))?
-13
(-11 - -26) + -8 + -19
-12
What is the value of 11 + (9 - (36 - (7 + 2)))?
-7
What is the value of -164 - -178 - (12 - -1)?
1
Calculate 0 + -3 + 2 + (-169 - -132) - -7.
-31
What is the value of -16 + 28 - -4 - 37?
-21
What is -2 + -1 - -3 - (3 + -5 + -5)?
7
Evaluate (-9 - 0) + -18 + 21 + 0 - 15.
-21
What is the value of -6 + (3 - (9 + -15 - (-11 + 1)))?
-7
(16 + -5 + -6 - -10) + -18
-3
What is 7 + (1 - (8 - 5)) - (-4 - 2)?
11
Calculate -8 + -18 + 11 + 14.
-1
9 + 9 + -6 + -18 + (-1 - -22)
15
Evaluate -17 + 7 + -9 - (-16 + 5).
-8
What is the value of -1 + -10 + 8 + 11 + 9?
17
Calculate -66 + 86 - (-2 - -35).
-13
Evaluate (-9 - 13 - -34) + (2 - (-3 + -1)).
18
What is -1 + (-8 - ((7 - 2) + -8)) + -8?
-14
What is the value of -28 - (5 + (-26 - -14))?
-21
What is -12 - (-24 - (-26 + 13))?
-1
Evaluate -5 + 3 + -8 + 3 + 8.
1
Calculate 4 + (3 + 7 + 1 - 25).
-10
What is the value of -1 + (-1 - (20 + 0)) + -2469 + 2473?
-18
-41 + -21 + 34 + 3
-25
Calculate (6 - -11) + (-12 - 3) + 14.
16
What is 1 - (13 + (-4 - (26 - -12)))?
30
What is the value of -6 - 2 - (-12 - -18 - 6)?
-8
What is -12 + 30 + (-1 + -2 - 3)?
12
-28 - (0 - (19 + 8 + -11))
-12
What is the value of 7 + (-4 - (9 + -2))?
-4
What is -10 + (-3 + 8 - 28)?
-33
What is (5 - 5) + 17 + -14 + -6?
-3
What is the value of -6 + 5 + 2 + -1 + 17 + 17?
34
What is the value of -2 + 4 - ((2 - 0) + 3)?
-3
What is (-52 - -62) + 0 + 0 - (-4 - -22)?
-8
Evaluate -1 - (2 + 6) - ((-2 - -20) + -20).
-7
What is -12 - (4 - ((-7 - -16) + -3))?
-10
14 + (7 - (5 - (-6 - 10)))
0
What is (-3 - (-30 - -2)) + 288 + -288?
25
-4 - (6 - 14 - -16) - (-5 + -2)
-5
-4 - 4 - 0 - (11 + -13 + -17)
11
What is the value of -23 - 1 - (-54 + 42)?
-12
What is the value of 2 + 3 - (68 + -57 - (3 - -30))?
27
What is 2 + (11 - (-9 - (2 - 27)))?
-3
What is -6 - -5 - -5 - (9 - 7)?
2
What is the value of (-1 + -4 - (-1 + -4)) + 5?
5
Calculate -25 + (4 - -4 - 10) + 16.
-11
Calculate -25 + 16 + 30 + 12.
33
Calculate -30 - (-34 + -1 + 19).
-14
What is the value of 35 - 36 - (4 + (0 - 0) + 2)?
-7
What is the value of (-3 - 27 - (10 - 3)) + 9 + 1?
-27
What is the value of -21 + 59 + (10 - 27)?
21
Evaluate 5 + (22 - 16) + -9.
2
11 + 1 + -351 + 354
15
Evaluate 44 - (-7 + (11 - -19)).
21
What is the value of (-21 - -6 - -6) + (-3 - -8)?
-4
Evaluate (7 + -6 - 2) + -2 + 8 + 12.
17
-4 - (11 + -13 + 8)
-10
13 + -2 + -5 - 8
-2
What is 0 + -1 - 2 - (-749 + 750)?
-4
Calculate (-4 + -2 - 6) + -8 + -6.
-26
9 - -1 - (-15 + 22 + -7 + -18)
28
369 + -336 + -1 + -23
9
What is the value of ((-7 - -9) + 4 - (1 - -3)) + -6?
-4
Evaluate (-205 - -214) + -2 + (-6 - 1).
0
What is the value of -2 + (-23 + 9 - -10) - (-3 + -23)?
20
What is -6 + 2 - (-5 + (-3 - -2))?
2
-25 - -2 - (3 + -10)
-16
Calculate 28 - (17 + (5 - 6)).
12
(1 - -5) + 16 + -8 + (-12 - -6)
8
What is 27 + 3 + -7 + -6 + -5 - -6?
18
Evaluate (99 - 86) + (3 - (-2 + 1)) + -3.
14
(-44 - -34) + 16 + 11
17
Calculate 0 + 1 - (-54 - (-15 - 19)).
21
-6 + -14 + (17 - -4) - (10 - 0)
-9
Evaluate 2 - (0 - (4 + -9 + 8)) - 0.
5
What is (436 - 427) + -1 + -29?
-21
Evaluate 20 - 39 - -49 - (1 - 6).
35
Calculate 13 + 0 + (5 + 3 - 10).
11
What is the value of (-13 - 4) + 14 + (4 - (3 - 1))?
-1
What is 56 + -79 + 13 - (-28 + 1 + 0)?
17
What is -49 - -31 - -9 - (-44 + 0)?
35
What is 251 + -263 + -1 + 18 - (1 - 13)?
17
Evaluate -12 + -18 + 12 - -12.
-6
What is the value of 16 + -9 - (-93 + 94)?
6
Evaluate 1 - (9 - 6 - (3 - (1 - 3))).
3
What is -7 + (-10 - (-51 - -40 - (-7 - -1)))?
-12
What is 44 - (23 - (21 + -13))?
29
What is the value of 29 + (-2 + -9 + -11 - -8)?
15
1 + (-8 - -4) + -23 + (-13 - -22)
-17
Calculate 2 + (-13 - -12 - (-3 - 0 - 2)).
6
What is the value of 8 - (8 - (9 - -7))?
16
What is the value of (1 - (2 + 5)) + (7 - 9 - 1)?
-9
What is 41 - 1 - ((12 - 71) + 76)?
23
What is -7 + 0 - (-12 - 10 - -25)?
-10
1 - 25 - 5 - (-7 - 0 - 0)
-22
Calculate 16 + -4 + -5 + 5 - 19.
-7
-35 + (0 - (-89 + 85 + (0 - 2)))
-29
-344 + 319 + (43 - 3)
15
-26 + 19 - (-21 - (-22 + 11))
3
21 + 0 + 92 + -101 + -1 + -4
7
2 + 1 - 13 - (-10 + 20 + 8)
-28
Evaluate 6 - (11 - (-19 + 37)) - -14.
27
What is 21 + (12 - (30 - 18)) + 8?
29
Calculate -2 - (-32 - -17) - 6.
7
What is the value of 2 - 7 - (-57 + 34)?
18
Evaluate 0 + 14 + -20 + (10 - 1) - -12.
15
Calculate 0 - (6 + 4 + -18).
8
What is the value of (-11 - -19) + -14 + 3 + -14?
-17
What is 6 + -6 + 2 + -3 + (-2 - -6)?
3
What is (-14 + 18 - -3) + 1 + 3?
11
27 + -32 + -5 + 18
8
Calculate 0 - 22 - (-469 - -424).
23
Calculate -9 + -5 + 9 + -4 + -3 + 6.
-6
Evaluate (16 - 0) + -8 + -3 + 19 + -13.
11
Calculate -18 - (-6 - (-6 - (8 - (1 - 3)))).
-28
What is 290 + -315 - (11 + -4)?
-32
What is the value of -37 + 0 + (1687 - 1630)?
20
What is the value of 50 - (40 - (-7 + 10))?
13
What is the value of -7 - (-9 - (16 - (-11 - -8 - 0)))?
21
Calculate 12 + -42 + -13 + 3 - -13.
-27
Evaluate -256 + 246 + (-2 - 13).
-25
What is the value of 104 + -97 + (2 - (0 - -4)) + -4?
1
Evaluate 1 + -8 - (-22 + 45 + -24).
-6
Evaluate 19 - ((-39 - -54) + (1 - 21)).
24
16 + -26 + 1 - (0 - 20)
11
What is the value of -3 + -9 + 1 + 6 + -7 + -2?
-14
3 + (2 + 12 - 8)
9
-18 + (4 - -17) + 3 + 4 + -2
8
What is (14 - (2 + 3 + 3 - 2)) + -22?
-14
7 + 8 + (-4 - 4 - (16 - 10))
1
(-22 - 3) + 8 + 32
15
What is 8 - (18 + (-2 - 0)) - -15 - 0?
7
-82 + 87 + (6 - 2)
9
(15 - -23 - 17) + -8
13
What is the value of -3 - (0 - -3) - (-9 - 18)?
21
Evaluate 1 - (12 - 25) - 18.
-4
Calculate -36 + 58 - (-3 + -6).
31
What is the value of 4 + 40 - (50 - 38)?
32
Calculate 11 + -8 + 0 - (-1 + (-10 - 0)).
14
-2 - 5 - (-85 - -78) - (14 + 1)
-15
Evaluate 40 - (-15 + (-15 - -32) + 2).
36
What is 1 + 10 - (-19 + 18 + -31 + 18)?
25
What is the value of 3 + (-54 - -58) + -1 + 0?
6
Evaluate (-24 - -11 - -13) + 0 + (-2 - 3).
-5
Evaluate 0 + 10 + (-14 + 10 - 2).
4
What is the value of (-48 - -49) + (0 - 7)?
-6
What is -4 + (16 + -2 + -33 - 0)?
-23
Calculate -2 + -2 + (-10 - (-27 - (11 - 16))).
8
What is the value of 